{"id":6703,"date":"2026-04-16T19:47:42","date_gmt":"2026-04-16T19:47:42","guid":{"rendered":"https:\/\/appw.pt\/?post_type=product&#038;p=6703"},"modified":"2026-04-16T20:48:37","modified_gmt":"2026-04-16T20:48:37","slug":"t-shirt-appw-branca-algodao","status":"publish","type":"product","link":"https:\/\/appw.pt\/index.php\/product\/t-shirt-appw-branca-algodao\/","title":{"rendered":"T-shirt APPW \u2014 Branca (Algod\u00e3o)"},"content":{"rendered":"<div class=\"card-desc\">T-shirt 100% algod\u00e3o de corte cl\u00e1ssico com o log\u00f3tipo APPW e o s\u00edmbolo IPSS. Confort\u00e1vel e dur\u00e1vel, ideal para eventos, dias de sensibiliza\u00e7\u00e3o e uso quotidiano.<\/div>\n","protected":false},"excerpt":{"rendered":"<p>T-shirt 100% algod\u00e3o de corte cl\u00e1ssico com o log\u00f3tipo APPW e o s\u00edmbolo IPSS. Confort\u00e1vel e dur\u00e1vel, ideal para eventos, dias de sensibiliza\u00e7\u00e3o e uso quotidiano.<\/p>\n","protected":false},"featured_media":6704,"template":"","meta":[],"product_brand":[],"product_cat":[50],"product_tag":[],"class_list":{"0":"post-6703","1":"product","2":"type-product","3":"status-publish","4":"has-post-thumbnail","6":"product_cat-vestuario","8":"first","9":"instock","10":"shipping-taxable","11":"purchasable","12":"product-type-simple"},"_links":{"self":[{"href":"https:\/\/appw.pt\/index.php\/wp-json\/wp\/v2\/product\/6703","targetHints":{"allow":["GET"]}}],"collection":[{"href":"https:\/\/appw.pt\/index.php\/wp-json\/wp\/v2\/product"}],"about":[{"href":"https:\/\/appw.pt\/index.php\/wp-json\/wp\/v2\/types\/product"}],"wp:featuredmedia":[{"embeddable":true,"href":"https:\/\/appw.pt\/index.php\/wp-json\/wp\/v2\/media\/6704"}],"wp:attachment":[{"href":"https:\/\/appw.pt\/index.php\/wp-json\/wp\/v2\/media?parent=6703"}],"wp:term":[{"taxonomy":"product_brand","embeddable":true,"href":"https:\/\/appw.pt\/index.php\/wp-json\/wp\/v2\/product_brand?post=6703"},{"taxonomy":"product_cat","embeddable":true,"href":"https:\/\/appw.pt\/index.php\/wp-json\/wp\/v2\/product_cat?post=6703"},{"taxonomy":"product_tag","embeddable":true,"href":"https:\/\/appw.pt\/index.php\/wp-json\/wp\/v2\/product_tag?post=6703"}],"curies":[{"name":"wp","href":"https:\/\/api.w.org\/{rel}","templated":true}]}}