{"id":6685,"date":"2026-04-16T19:34:32","date_gmt":"2026-04-16T19:34:32","guid":{"rendered":"https:\/\/appw.pt\/?post_type=product&#038;p=6685"},"modified":"2026-04-16T19:35:14","modified_gmt":"2026-04-16T19:35:14","slug":"porta-chaves-appw-fita-azul","status":"publish","type":"product","link":"https:\/\/appw.pt\/index.php\/product\/porta-chaves-appw-fita-azul\/","title":{"rendered":"Porta-chaves APPW \u2014 Fita Azul"},"content":{"rendered":"<p>Porta-chaves em fita azul com o log\u00f3tipo APPW impresso. Acabamento cuidado com gancho met\u00e1lico. A cor azul, s\u00edmbolo da S\u00edndrome de Prader-Willi, presente no teu dia a dia.<\/p>\n","protected":false},"excerpt":{"rendered":"<p>Porta-chaves em fita azul com o log\u00f3tipo APPW impresso. Acabamento cuidado com gancho met\u00e1lico. A cor azul, s\u00edmbolo da S\u00edndrome de Prader-Willi, presente no teu dia a dia.<\/p>\n","protected":false},"featured_media":6686,"template":"","meta":[],"product_brand":[],"product_cat":[46],"product_tag":[],"class_list":{"0":"post-6685","1":"product","2":"type-product","3":"status-publish","4":"has-post-thumbnail","6":"product_cat-brindes","8":"first","9":"instock","10":"shipping-taxable","11":"purchasable","12":"product-type-simple"},"_links":{"self":[{"href":"https:\/\/appw.pt\/index.php\/wp-json\/wp\/v2\/product\/6685","targetHints":{"allow":["GET"]}}],"collection":[{"href":"https:\/\/appw.pt\/index.php\/wp-json\/wp\/v2\/product"}],"about":[{"href":"https:\/\/appw.pt\/index.php\/wp-json\/wp\/v2\/types\/product"}],"wp:featuredmedia":[{"embeddable":true,"href":"https:\/\/appw.pt\/index.php\/wp-json\/wp\/v2\/media\/6686"}],"wp:attachment":[{"href":"https:\/\/appw.pt\/index.php\/wp-json\/wp\/v2\/media?parent=6685"}],"wp:term":[{"taxonomy":"product_brand","embeddable":true,"href":"https:\/\/appw.pt\/index.php\/wp-json\/wp\/v2\/product_brand?post=6685"},{"taxonomy":"product_cat","embeddable":true,"href":"https:\/\/appw.pt\/index.php\/wp-json\/wp\/v2\/product_cat?post=6685"},{"taxonomy":"product_tag","embeddable":true,"href":"https:\/\/appw.pt\/index.php\/wp-json\/wp\/v2\/product_tag?post=6685"}],"curies":[{"name":"wp","href":"https:\/\/api.w.org\/{rel}","templated":true}]}}