{"id":5917,"date":"2025-08-18T16:16:48","date_gmt":"2025-08-18T16:16:48","guid":{"rendered":"https:\/\/appw.pt\/?page_id=5917"},"modified":"2025-09-10T12:50:24","modified_gmt":"2025-09-10T12:50:24","slug":"projeto-de-sensibilizacao-e-formacao-sobre-a-sindrome-de-prader-willi","status":"publish","type":"page","link":"https:\/\/appw.pt\/index.php\/projeto-de-sensibilizacao-e-formacao-sobre-a-sindrome-de-prader-willi\/","title":{"rendered":"Projeto de Sensibiliza\u00e7\u00e3o e Forma\u00e7\u00e3o sobre a S\u00edndrome de Prader-Willi"},"content":{"rendered":"\t\t<div data-elementor-type=\"wp-page\" data-elementor-id=\"5917\" class=\"elementor elementor-5917\">\n\t\t\t\t<div class=\"elementor-element elementor-element-d7159f6 e-flex e-con-boxed e-con e-parent\" data-id=\"d7159f6\" data-element_type=\"container\" data-e-type=\"container\">\r\n\t\t\t\t\t<div class=\"e-con-inner\">\r\n\t\t\t\t<div class=\"elementor-element elementor-element-e6f4600 elementor-widget elementor-widget-spacer\" data-id=\"e6f4600\" data-element_type=\"widget\" data-e-type=\"widget\" data-widget_type=\"spacer.default\">\n\t\t\t\t<div class=\"elementor-widget-container\">\n\t\t\t\t\t\t\t<div class=\"elementor-spacer\">\n\t\t\t<div class=\"elementor-spacer-inner\"><\/div>\n\t\t<\/div>\n\t\t\t\t\t\t<\/div>\n\t\t\t\t<\/div>\n\t\t\t\t\t<\/div>\n\t\t\t\t<\/div>\n\t\t<div class=\"elementor-element elementor-element-9971340 e-con-full e-flex e-con e-parent\" data-id=\"9971340\" data-element_type=\"container\" data-e-type=\"container\">\r\n\t\t<div class=\"elementor-element elementor-element-7a5544e e-con-full e-flex e-con e-child\" data-id=\"7a5544e\" data-element_type=\"container\" data-e-type=\"container\">\r\n\t\t\t\t<div class=\"elementor-element elementor-element-8f3b0f2 elementor-widget elementor-widget-porto_ultimate_heading\" data-id=\"8f3b0f2\" data-element_type=\"widget\" data-e-type=\"widget\" data-widget_type=\"porto_ultimate_heading.default\">\n\t\t\t\t<div class=\"elementor-widget-container\">\n\t\t\t\t\t<div class=\"porto-u-heading  porto-u-bd11424de395366805213f3c847c9ae4\"><div class=\"porto-u-sub-heading\" style=\"\"><p style=\"text-align: left;\" data-start=\"158\" data-end=\"426\"><span style=\"color: #000000; font-size: 17px;\">A <span style=\"color: #1c5fa8;\"><strong data-start=\"160\" data-end=\"220\">Associa\u00e7\u00e3o Portuguesa de Prader-Willi (APPW)<\/strong><\/span> desenvolveu o <strong data-start=\"235\" data-end=\"309\">Programa de Sensibiliza\u00e7\u00e3o e Forma\u00e7\u00e3o sobre a S\u00edndrome de Prader-Willi<\/strong>, certificado pelo Centro de Forma\u00e7\u00e3o, destinado a professores, t\u00e9cnicos especializados e assistentes operacionais.<\/span><\/p><p style=\"text-align: left;\" data-start=\"428\" data-end=\"553\"><span style=\"color: #000000; font-size: 17px;\">O projeto visa <strong data-start=\"443\" data-end=\"478\">preparar a comunidade educativa<\/strong> para responder aos desafios espec\u00edficos desta condi\u00e7\u00e3o rara, atrav\u00e9s de:<\/span><\/p><ul style=\"text-align: left;\" data-start=\"554\" data-end=\"858\"><li data-start=\"554\" data-end=\"628\"><p data-start=\"556\" data-end=\"628\"><span style=\"color: #000000; font-size: 17px;\">Forma\u00e7\u00e3o sobre caracter\u00edsticas cl\u00ednicas, cognitivas e comportamentais;<\/span><\/p><\/li><li data-start=\"629\" data-end=\"718\"><p data-start=\"631\" data-end=\"718\"><span style=\"color: #000000; font-size: 17px;\">Estrat\u00e9gias pr\u00e1ticas para lidar com quest\u00f5es de alimenta\u00e7\u00e3o, rotinas e comportamento;<\/span><\/p><\/li><li data-start=\"719\" data-end=\"780\"><p data-start=\"721\" data-end=\"780\"><span style=\"color: #000000; font-size: 17px;\">Promo\u00e7\u00e3o de uma cultura escolar inclusiva e colaborativa;<\/span><\/p><\/li><li data-start=\"781\" data-end=\"858\"><p data-start=\"783\" data-end=\"858\"><span style=\"color: #000000; font-size: 17px;\">Refor\u00e7o das compet\u00eancias dos profissionais, com certifica\u00e7\u00e3o reconhecida.<\/span><\/p><\/li><\/ul><p style=\"text-align: left;\" data-start=\"860\" data-end=\"1098\"><span style=\"color: #000000; font-size: 17px;\">O impacto esperado \u00e9 a cria\u00e7\u00e3o de <span style=\"color: #1c5fa8;\"><strong data-start=\"894\" data-end=\"944\">escolas mais seguras, inclusivas e humanizadas<\/strong><\/span>, capazes de apoiar o desenvolvimento pleno de crian\u00e7as e jovens com S\u00edndrome de Prader-Willi, fortalecendo a coopera\u00e7\u00e3o entre fam\u00edlias e profissionais.<\/span><\/p><\/div><style>.porto-u-bd11424de395366805213f3c847c9ae4.porto-u-heading{text-align:center}<\/style><\/div>\t\t\t\t<\/div>\n\t\t\t\t<\/div>\n\t\t\t\t<\/div>\n\t\t<div class=\"elementor-element elementor-element-d4dd8e6 e-con-full e-flex e-con e-child\" data-id=\"d4dd8e6\" data-element_type=\"container\" data-e-type=\"container\">\r\n\t\t\t\t<div class=\"elementor-element elementor-element-6d5a133 elementor-widget__width-initial elementor-widget elementor-widget-video\" data-id=\"6d5a133\" data-element_type=\"widget\" data-e-type=\"widget\" data-settings=\"{&quot;youtube_url&quot;:&quot;https:\\\/\\\/youtu.be\\\/Vlguidu3xbo&quot;,&quot;video_type&quot;:&quot;youtube&quot;,&quot;controls&quot;:&quot;yes&quot;}\" data-widget_type=\"video.default\">\n\t\t\t\t<div class=\"elementor-widget-container\">\n\t\t\t\t\t\t\t<div class=\"elementor-wrapper elementor-open-inline\">\n\t\t\t<div class=\"elementor-video\"><\/div>\t\t<\/div>\n\t\t\t\t\t\t<\/div>\n\t\t\t\t<\/div>\n\t\t\t\t<\/div>\n\t\t\t\t<\/div>\n\t\t<div class=\"elementor-element elementor-element-77d1934 e-flex e-con-boxed e-con e-parent\" data-id=\"77d1934\" data-element_type=\"container\" data-e-type=\"container\">\r\n\t\t\t\t\t<div class=\"e-con-inner\">\r\n\t\t\t\t<div class=\"elementor-element elementor-element-b59d70a elementor-widget elementor-widget-spacer\" data-id=\"b59d70a\" data-element_type=\"widget\" data-e-type=\"widget\" data-widget_type=\"spacer.default\">\n\t\t\t\t<div class=\"elementor-widget-container\">\n\t\t\t\t\t\t\t<div class=\"elementor-spacer\">\n\t\t\t<div class=\"elementor-spacer-inner\"><\/div>\n\t\t<\/div>\n\t\t\t\t\t\t<\/div>\n\t\t\t\t<\/div>\n\t\t\t\t\t<\/div>\n\t\t\t\t<\/div>\n\t\t<div class=\"elementor-element elementor-element-7e8e820 e-flex e-con-boxed e-con e-parent\" data-id=\"7e8e820\" data-element_type=\"container\" data-e-type=\"container\">\r\n\t\t\t\t\t<div class=\"e-con-inner\">\r\n\t\t\t\t<div class=\"elementor-element elementor-element-780f79e elementor-invisible elementor-widget elementor-widget-heading\" data-id=\"780f79e\" data-element_type=\"widget\" data-e-type=\"widget\" data-settings=\"{&quot;_animation&quot;:&quot;fadeIn&quot;}\" data-widget_type=\"heading.default\">\n\t\t\t\t<div class=\"elementor-widget-container\">\n\t\t\t\t\t<h2 class=\"elementor-heading-title elementor-size-default\">Com Apoio:<\/h2>\t\t\t\t<\/div>\n\t\t\t\t<\/div>\n\t\t\t\t\t<\/div>\n\t\t\t\t<\/div>\n\t\t<div class=\"elementor-element elementor-element-902b676 e-flex e-con-boxed e-con e-parent\" data-id=\"902b676\" data-element_type=\"container\" data-e-type=\"container\">\r\n\t\t\t\t\t<div class=\"e-con-inner\">\r\n\t\t\t\t<div class=\"elementor-element elementor-element-91490c2 elementor-widget-divider--view-line elementor-invisible elementor-widget elementor-widget-divider\" data-id=\"91490c2\" data-element_type=\"widget\" data-e-type=\"widget\" data-settings=\"{&quot;_animation&quot;:&quot;fadeIn&quot;}\" data-widget_type=\"divider.default\">\n\t\t\t\t<div class=\"elementor-widget-container\">\n\t\t\t\t\t\t\t<div class=\"elementor-divider\">\n\t\t\t<span class=\"elementor-divider-separator\">\n\t\t\t\t\t\t<\/span>\n\t\t<\/div>\n\t\t\t\t\t\t<\/div>\n\t\t\t\t<\/div>\n\t\t\t\t\t<\/div>\n\t\t\t\t<\/div>\n\t\t<div class=\"elementor-element elementor-element-e39088c e-flex e-con-boxed e-con e-parent\" data-id=\"e39088c\" data-element_type=\"container\" data-e-type=\"container\">\r\n\t\t\t\t\t<div class=\"e-con-inner\">\r\n\t\t<div class=\"elementor-element elementor-element-37f6d23 e-con-full e-flex e-con e-child\" data-id=\"37f6d23\" data-element_type=\"container\" data-e-type=\"container\">\r\n\t\t\t\t<div class=\"elementor-element elementor-element-ee9f424 elementor-position-top elementor-widget elementor-widget-image-box\" data-id=\"ee9f424\" data-element_type=\"widget\" data-e-type=\"widget\" data-widget_type=\"image-box.default\">\n\t\t\t\t<div class=\"elementor-widget-container\">\n\t\t\t\t\t<div class=\"elementor-image-box-wrapper\"><figure class=\"elementor-image-box-img\"><a href=\"https:\/\/www.cm-loures.pt\/\" target=\"_blank\" tabindex=\"-1\"><img fetchpriority=\"high\" decoding=\"async\" width=\"768\" height=\"644\" src=\"https:\/\/appw.pt\/wp-content\/uploads\/2025\/08\/1-768x644.jpg\" class=\"attachment-medium_large size-medium_large wp-image-5927\" alt=\"\" srcset=\"https:\/\/appw.pt\/wp-content\/uploads\/2025\/08\/1-768x644.jpg 768w, https:\/\/appw.pt\/wp-content\/uploads\/2025\/08\/1-640x537.jpg 640w, https:\/\/appw.pt\/wp-content\/uploads\/2025\/08\/1-400x335.jpg 400w, https:\/\/appw.pt\/wp-content\/uploads\/2025\/08\/1-367x308.jpg 367w, https:\/\/appw.pt\/wp-content\/uploads\/2025\/08\/1-600x503.jpg 600w\" sizes=\"(max-width: 768px) 100vw, 768px\" \/><\/a><\/figure><div class=\"elementor-image-box-content\"><p class=\"elementor-image-box-title\"><a href=\"https:\/\/www.cm-loures.pt\/\" target=\"_blank\">clique na imagem para aceder ao site<\/a><\/p><\/div><\/div>\t\t\t\t<\/div>\n\t\t\t\t<\/div>\n\t\t\t\t<\/div>\n\t\t<div class=\"elementor-element elementor-element-0f75d7b e-con-full e-flex e-con e-child\" data-id=\"0f75d7b\" data-element_type=\"container\" data-e-type=\"container\">\r\n\t\t\t\t<div class=\"elementor-element elementor-element-9283865 elementor-position-top elementor-widget elementor-widget-image-box\" data-id=\"9283865\" data-element_type=\"widget\" data-e-type=\"widget\" data-widget_type=\"image-box.default\">\n\t\t\t\t<div class=\"elementor-widget-container\">\n\t\t\t\t\t<div class=\"elementor-image-box-wrapper\"><figure class=\"elementor-image-box-img\"><a href=\"https:\/\/www.jf-loures.pt\/\" target=\"_blank\" tabindex=\"-1\"><img decoding=\"async\" width=\"940\" height=\"788\" src=\"https:\/\/appw.pt\/wp-content\/uploads\/2025\/08\/3.jpg\" class=\"attachment-full size-full wp-image-5929\" alt=\"\" srcset=\"https:\/\/appw.pt\/wp-content\/uploads\/2025\/08\/3.jpg 940w, https:\/\/appw.pt\/wp-content\/uploads\/2025\/08\/3-768x644.jpg 768w, https:\/\/appw.pt\/wp-content\/uploads\/2025\/08\/3-640x537.jpg 640w, https:\/\/appw.pt\/wp-content\/uploads\/2025\/08\/3-400x335.jpg 400w, https:\/\/appw.pt\/wp-content\/uploads\/2025\/08\/3-367x308.jpg 367w, https:\/\/appw.pt\/wp-content\/uploads\/2025\/08\/3-600x503.jpg 600w\" sizes=\"(max-width: 940px) 100vw, 940px\" \/><\/a><\/figure><div class=\"elementor-image-box-content\"><p class=\"elementor-image-box-title\"><a href=\"https:\/\/www.jf-loures.pt\/\" target=\"_blank\">clique na imagem para aceder ao site<\/a><\/p><\/div><\/div>\t\t\t\t<\/div>\n\t\t\t\t<\/div>\n\t\t\t\t<\/div>\n\t\t<div class=\"elementor-element elementor-element-d5fb4dd e-con-full e-flex e-con e-child\" data-id=\"d5fb4dd\" data-element_type=\"container\" data-e-type=\"container\">\r\n\t\t\t\t<div class=\"elementor-element elementor-element-1473e34 elementor-position-top elementor-widget elementor-widget-image-box\" data-id=\"1473e34\" data-element_type=\"widget\" data-e-type=\"widget\" data-widget_type=\"image-box.default\">\n\t\t\t\t<div class=\"elementor-widget-container\">\n\t\t\t\t\t<div class=\"elementor-image-box-wrapper\"><figure class=\"elementor-image-box-img\"><a href=\"https:\/\/www.cflo.pt\/\" target=\"_blank\" tabindex=\"-1\"><img decoding=\"async\" width=\"940\" height=\"788\" src=\"https:\/\/appw.pt\/wp-content\/uploads\/2025\/08\/2.jpg\" class=\"attachment-full size-full wp-image-5928\" alt=\"\" srcset=\"https:\/\/appw.pt\/wp-content\/uploads\/2025\/08\/2.jpg 940w, https:\/\/appw.pt\/wp-content\/uploads\/2025\/08\/2-768x644.jpg 768w, https:\/\/appw.pt\/wp-content\/uploads\/2025\/08\/2-640x537.jpg 640w, https:\/\/appw.pt\/wp-content\/uploads\/2025\/08\/2-400x335.jpg 400w, https:\/\/appw.pt\/wp-content\/uploads\/2025\/08\/2-367x308.jpg 367w, https:\/\/appw.pt\/wp-content\/uploads\/2025\/08\/2-600x503.jpg 600w\" sizes=\"(max-width: 940px) 100vw, 940px\" \/><\/a><\/figure><div class=\"elementor-image-box-content\"><p class=\"elementor-image-box-title\"><a href=\"https:\/\/www.cflo.pt\/\" target=\"_blank\">clique na imagem para aceder ao site<\/a><\/p><\/div><\/div>\t\t\t\t<\/div>\n\t\t\t\t<\/div>\n\t\t\t\t<\/div>\n\t\t\t\t\t<\/div>\n\t\t\t\t<\/div>\n\t\t<div class=\"elementor-element elementor-element-aa855b5 e-flex e-con-boxed e-con e-parent\" data-id=\"aa855b5\" data-element_type=\"container\" data-e-type=\"container\">\r\n\t\t\t\t\t<div class=\"e-con-inner\">\r\n\t\t\t\t<div class=\"elementor-element elementor-element-eb1daae elementor-widget elementor-widget-spacer\" data-id=\"eb1daae\" data-element_type=\"widget\" data-e-type=\"widget\" data-widget_type=\"spacer.default\">\n\t\t\t\t<div class=\"elementor-widget-container\">\n\t\t\t\t\t\t\t<div class=\"elementor-spacer\">\n\t\t\t<div class=\"elementor-spacer-inner\"><\/div>\n\t\t<\/div>\n\t\t\t\t\t\t<\/div>\n\t\t\t\t<\/div>\n\t\t\t\t\t<\/div>\n\t\t\t\t<\/div>\n\t\t\t\t<\/div>\n\t\t","protected":false},"excerpt":{"rendered":"<p>A Associa\u00e7\u00e3o Portuguesa de Prader-Willi (APPW) desenvolveu o Programa de Sensibiliza\u00e7\u00e3o e Forma\u00e7\u00e3o sobre a S\u00edndrome de Prader-Willi, certificado pelo Centro de Forma\u00e7\u00e3o, destinado a professores, t\u00e9cnicos especializados e assistentes operacionais. O projeto visa preparar a comunidade educativa para responder aos desafios espec\u00edficos desta condi\u00e7\u00e3o rara, atrav\u00e9s de: Forma\u00e7\u00e3o sobre caracter\u00edsticas cl\u00ednicas, cognitivas e comportamentais; [&hellip;]<\/p>\n","protected":false},"author":4,"featured_media":0,"parent":0,"menu_order":0,"comment_status":"closed","ping_status":"closed","template":"","meta":{"footnotes":""},"wf_page_folders":[],"class_list":["post-5917","page","type-page","status-publish","hentry"],"_links":{"self":[{"href":"https:\/\/appw.pt\/index.php\/wp-json\/wp\/v2\/pages\/5917","targetHints":{"allow":["GET"]}}],"collection":[{"href":"https:\/\/appw.pt\/index.php\/wp-json\/wp\/v2\/pages"}],"about":[{"href":"https:\/\/appw.pt\/index.php\/wp-json\/wp\/v2\/types\/page"}],"author":[{"embeddable":true,"href":"https:\/\/appw.pt\/index.php\/wp-json\/wp\/v2\/users\/4"}],"replies":[{"embeddable":true,"href":"https:\/\/appw.pt\/index.php\/wp-json\/wp\/v2\/comments?post=5917"}],"version-history":[{"count":7,"href":"https:\/\/appw.pt\/index.php\/wp-json\/wp\/v2\/pages\/5917\/revisions"}],"predecessor-version":[{"id":6213,"href":"https:\/\/appw.pt\/index.php\/wp-json\/wp\/v2\/pages\/5917\/revisions\/6213"}],"wp:attachment":[{"href":"https:\/\/appw.pt\/index.php\/wp-json\/wp\/v2\/media?parent=5917"}],"wp:term":[{"taxonomy":"wf_page_folders","embeddable":true,"href":"https:\/\/appw.pt\/index.php\/wp-json\/wp\/v2\/wf_page_folders?post=5917"}],"curies":[{"name":"wp","href":"https:\/\/api.w.org\/{rel}","templated":true}]}}