{"id":5080,"date":"2025-07-23T21:44:09","date_gmt":"2025-07-23T21:44:09","guid":{"rendered":"https:\/\/appw.pt\/?page_id=5080"},"modified":"2025-09-03T11:53:33","modified_gmt":"2025-09-03T11:53:33","slug":"fisiolar-2","status":"publish","type":"page","link":"https:\/\/appw.pt\/index.php\/fisiolar-2\/","title":{"rendered":"Fisiolar"},"content":{"rendered":"\t\t<div data-elementor-type=\"wp-page\" data-elementor-id=\"5080\" class=\"elementor elementor-5080\">\n\t\t\t\t\t\t<section class=\"elementor-section elementor-top-section elementor-element elementor-element-38d557e elementor-section-content-middle overflow-hidden pt-md-4 pt-xl-0 elementor-section-boxed elementor-section-height-default elementor-section-height-default\" data-id=\"38d557e\" data-element_type=\"section\" data-e-type=\"section\">\r\n\t\t\r\n\t\t\t\t\t\t\t<div class=\"elementor-container elementor-column-gap-default\">\r\n\t\t\t\t\t\t\t\t\t\t\t<div class=\"elementor-column elementor-col-50 elementor-top-column elementor-element elementor-element-c3bb278\" data-id=\"c3bb278\" data-element_type=\"column\" data-e-type=\"column\">\r\n\t\t\t\t\t<div class=\"elementor-widget-wrap elementor-element-populated\">\r\n\t\t\t\t\t\t\t\t<div class=\"elementor-element elementor-element-169aada mb-4 elementor-invisible elementor-widget elementor-widget-heading\" data-id=\"169aada\" data-element_type=\"widget\" data-e-type=\"widget\" data-settings=\"{&quot;_animation&quot;:&quot;fadeIn&quot;,&quot;_animation_delay&quot;:450}\" data-widget_type=\"heading.default\">\n\t\t\t\t<div class=\"elementor-widget-container\">\n\t\t\t\t\t<p class=\"elementor-heading-title elementor-size-default\">A APPW estabeleceu um protocolo de colabora\u00e7\u00e3o com o Centro RE.DE \u2013 Centro de Reabilita\u00e7\u00e3o e Desenvolvimento, situado em Sintra. Esta parceria visa refor\u00e7ar a oferta de respostas terap\u00eauticas e de reabilita\u00e7\u00e3o especializadas para pessoas com S\u00edndrome de Prader-Willi.\n\nO Centro RE.DE \u00e9 uma institui\u00e7\u00e3o dedicada ao desenvolvimento terap\u00eautico e reabilita\u00e7\u00e3o de crian\u00e7as, jovens e adultos com necessidades espec\u00edficas. Com uma equipa multidisciplinar experiente, o centro aposta numa abordagem individualizada, promovendo o bem-estar, a autonomia e a integra\u00e7\u00e3o social dos seus utentes.\n\nAtrav\u00e9s desta parceria, a APPW pretende alargar os recursos dispon\u00edveis \u00e0s fam\u00edlias e proporcionar um acompanhamento mais completo, pr\u00f3ximo e eficaz.<\/p>\t\t\t\t<\/div>\n\t\t\t\t<\/div>\n\t\t\t\t<div class=\"elementor-element elementor-element-dfeeea2 elementor-widget elementor-widget-spacer\" data-id=\"dfeeea2\" data-element_type=\"widget\" data-e-type=\"widget\" data-widget_type=\"spacer.default\">\n\t\t\t\t<div class=\"elementor-widget-container\">\n\t\t\t\t\t\t\t<div class=\"elementor-spacer\">\n\t\t\t<div class=\"elementor-spacer-inner\"><\/div>\n\t\t<\/div>\n\t\t\t\t\t\t<\/div>\n\t\t\t\t<\/div>\n\t\t\t\t<div class=\"elementor-element elementor-element-6a56734 elementor-widget elementor-widget-button\" data-id=\"6a56734\" data-element_type=\"widget\" data-e-type=\"widget\" data-widget_type=\"button.default\">\n\t\t\t\t<div class=\"elementor-widget-container\">\n\t\t\t\t\t\t\t\t\t<div class=\"elementor-button-wrapper\">\n\t\t\t\t\t<a class=\"elementor-button elementor-button-link elementor-size-sm\" href=\"https:\/\/appw.pt\/wp-content\/uploads\/2025\/07\/fisiolar.pdf\" target=\"_blank\">\n\t\t\t\t\t\t<span class=\"elementor-button-content-wrapper\">\n\t\t\t\t\t\t\t\t\t<span class=\"elementor-button-text\">Tabela de Pre\u00e7os<\/span>\n\t\t\t\t\t<\/span>\n\t\t\t\t\t<\/a>\n\t\t\t\t<\/div>\n\t\t\t\t\t\t\t\t<\/div>\n\t\t\t\t<\/div>\n\t\t\t\t\t<\/div>\r\n\t\t\t\t<\/div>\r\n\t\t\t\t<div class=\"elementor-column elementor-col-50 elementor-top-column elementor-element elementor-element-c45fecf ps-lg-5 pe-5 custom-auto-img\" data-id=\"c45fecf\" data-element_type=\"column\" data-e-type=\"column\">\r\n\t\t\t\t\t<div class=\"elementor-widget-wrap elementor-element-populated\">\r\n\t\t\t\t\t\t\t\t<div class=\"elementor-element elementor-element-6aef0db elementor-invisible elementor-widget elementor-widget-image\" data-id=\"6aef0db\" data-element_type=\"widget\" data-e-type=\"widget\" data-settings=\"{&quot;_animation&quot;:&quot;fadeIn&quot;}\" data-widget_type=\"image.default\">\n\t\t\t\t<div class=\"elementor-widget-container\">\n\t\t\t\t\t\t\t\t\t\t\t\t\t\t\t<img fetchpriority=\"high\" decoding=\"async\" width=\"255\" height=\"197\" src=\"https:\/\/appw.pt\/wp-content\/uploads\/2025\/07\/Imagem-WhatsApp-2025-07-23-as-00.45.51_9a15e6e2.jpg\" class=\"attachment-full size-full wp-image-5024\" alt=\"\" \/>\t\t\t\t\t\t\t\t\t\t\t\t\t\t\t<\/div>\n\t\t\t\t<\/div>\n\t\t\t\t\t<\/div>\r\n\t\t\t\t<\/div>\r\n\t\t\t\t\t<\/div>\r\n\t\t\t\t<\/section>\r\n\t\t<div class=\"elementor-element elementor-element-eee5e64 e-flex e-con-boxed e-con e-parent\" data-id=\"eee5e64\" data-element_type=\"container\" data-e-type=\"container\">\r\n\t\t\t\t\t<div class=\"e-con-inner\">\r\n\t\t\t\t<div class=\"elementor-element elementor-element-3510049 elementor-widget elementor-widget-spacer\" data-id=\"3510049\" data-element_type=\"widget\" data-e-type=\"widget\" data-widget_type=\"spacer.default\">\n\t\t\t\t<div class=\"elementor-widget-container\">\n\t\t\t\t\t\t\t<div class=\"elementor-spacer\">\n\t\t\t<div class=\"elementor-spacer-inner\"><\/div>\n\t\t<\/div>\n\t\t\t\t\t\t<\/div>\n\t\t\t\t<\/div>\n\t\t\t\t\t<\/div>\n\t\t\t\t<\/div>\n\t\t<div class=\"elementor-element elementor-element-53752d4 e-flex e-con-boxed e-con e-parent\" data-id=\"53752d4\" data-element_type=\"container\" data-e-type=\"container\">\r\n\t\t\t\t\t<div class=\"e-con-inner\">\r\n\t\t\t\t<div class=\"elementor-element elementor-element-db6dfcc elementor-widget__width-initial elementor-position-top elementor-invisible elementor-widget elementor-widget-image-box\" data-id=\"db6dfcc\" data-element_type=\"widget\" data-e-type=\"widget\" data-settings=\"{&quot;_animation&quot;:&quot;fadeIn&quot;}\" data-widget_type=\"image-box.default\">\n\t\t\t\t<div class=\"elementor-widget-container\">\n\t\t\t\t\t<div class=\"elementor-image-box-wrapper\"><figure class=\"elementor-image-box-img\"><a href=\"https:\/\/fisiolar.pt\/\" target=\"_blank\" tabindex=\"-1\"><img decoding=\"async\" width=\"360\" height=\"140\" src=\"https:\/\/appw.pt\/wp-content\/uploads\/2025\/09\/images-1.jpg\" class=\"attachment-full size-full wp-image-6165\" alt=\"\" \/><\/a><\/figure><div class=\"elementor-image-box-content\"><p class=\"elementor-image-box-title\"><a href=\"https:\/\/fisiolar.pt\/\" target=\"_blank\">clique na imagem para aceder ao site<\/a><\/p><\/div><\/div>\t\t\t\t<\/div>\n\t\t\t\t<\/div>\n\t\t\t\t\t<\/div>\n\t\t\t\t<\/div>\n\t\t\t\t<\/div>\n\t\t","protected":false},"excerpt":{"rendered":"<p>A APPW estabeleceu um protocolo de colabora\u00e7\u00e3o com o Centro RE.DE \u2013 Centro de Reabilita\u00e7\u00e3o e Desenvolvimento, situado em Sintra. Esta parceria visa refor\u00e7ar a oferta de respostas terap\u00eauticas e de reabilita\u00e7\u00e3o especializadas para pessoas com S\u00edndrome de Prader-Willi. O Centro RE.DE \u00e9 uma institui\u00e7\u00e3o dedicada ao desenvolvimento terap\u00eautico e reabilita\u00e7\u00e3o de crian\u00e7as, jovens e [&hellip;]<\/p>\n","protected":false},"author":4,"featured_media":0,"parent":0,"menu_order":0,"comment_status":"closed","ping_status":"closed","template":"","meta":{"footnotes":""},"wf_page_folders":[39],"class_list":["post-5080","page","type-page","status-publish","hentry"],"_links":{"self":[{"href":"https:\/\/appw.pt\/index.php\/wp-json\/wp\/v2\/pages\/5080","targetHints":{"allow":["GET"]}}],"collection":[{"href":"https:\/\/appw.pt\/index.php\/wp-json\/wp\/v2\/pages"}],"about":[{"href":"https:\/\/appw.pt\/index.php\/wp-json\/wp\/v2\/types\/page"}],"author":[{"embeddable":true,"href":"https:\/\/appw.pt\/index.php\/wp-json\/wp\/v2\/users\/4"}],"replies":[{"embeddable":true,"href":"https:\/\/appw.pt\/index.php\/wp-json\/wp\/v2\/comments?post=5080"}],"version-history":[{"count":16,"href":"https:\/\/appw.pt\/index.php\/wp-json\/wp\/v2\/pages\/5080\/revisions"}],"predecessor-version":[{"id":6174,"href":"https:\/\/appw.pt\/index.php\/wp-json\/wp\/v2\/pages\/5080\/revisions\/6174"}],"wp:attachment":[{"href":"https:\/\/appw.pt\/index.php\/wp-json\/wp\/v2\/media?parent=5080"}],"wp:term":[{"taxonomy":"wf_page_folders","embeddable":true,"href":"https:\/\/appw.pt\/index.php\/wp-json\/wp\/v2\/wf_page_folders?post=5080"}],"curies":[{"name":"wp","href":"https:\/\/api.w.org\/{rel}","templated":true}]}}

<div data-elementor-type="wp-page" data-elementor-id="5080" class="elementor elementor-5080">
						<section class="elementor-section elementor-top-section elementor-element elementor-element-38d557e elementor-section-content-middle overflow-hidden pt-md-4 pt-xl-0 elementor-section-boxed elementor-section-height-default elementor-section-height-default" data-id="38d557e" data-element_type="section" data-e-type="section">
		
							<div class="elementor-container elementor-column-gap-default">
											<div class="elementor-column elementor-col-50 elementor-top-column elementor-element elementor-element-c3bb278" data-id="c3bb278" data-element_type="column" data-e-type="column">
					<div class="elementor-widget-wrap elementor-element-populated">
								<div class="elementor-element elementor-element-169aada mb-4 elementor-invisible elementor-widget elementor-widget-heading" data-id="169aada" data-element_type="widget" data-e-type="widget" data-settings="{&quot;_animation&quot;:&quot;fadeIn&quot;,&quot;_animation_delay&quot;:450}" data-widget_type="heading.default">
				<div class="elementor-widget-container">
					<p class="elementor-heading-title elementor-size-default">A APPW estabeleceu um protocolo de colaboração com o Centro RE.DE – Centro de Reabilitação e Desenvolvimento, situado em Sintra. Esta parceria visa reforçar a oferta de respostas terapêuticas e de reabilitação especializadas para pessoas com Síndrome de Prader-Willi.

O Centro RE.DE é uma instituição dedicada ao desenvolvimento terapêutico e reabilitação de crianças, jovens e adultos com necessidades específicas. Com uma equipa multidisciplinar experiente, o centro aposta numa abordagem individualizada, promovendo o bem-estar, a autonomia e a integração social dos seus utentes.

Através desta parceria, a APPW pretende alargar os recursos disponíveis às famílias e proporcionar um acompanhamento mais completo, próximo e eficaz.</p>				</div>
				</div>
				<div class="elementor-element elementor-element-dfeeea2 elementor-widget elementor-widget-spacer" data-id="dfeeea2" data-element_type="widget" data-e-type="widget" data-widget_type="spacer.default">
				<div class="elementor-widget-container">
							<div class="elementor-spacer">
			<div class="elementor-spacer-inner"></div>
		</div>
						</div>
				</div>
				<div class="elementor-element elementor-element-6a56734 elementor-widget elementor-widget-button" data-id="6a56734" data-element_type="widget" data-e-type="widget" data-widget_type="button.default">
				<div class="elementor-widget-container">
									<div class="elementor-button-wrapper">
					<a class="elementor-button elementor-button-link elementor-size-sm" href="https://appw.pt/wp-content/uploads/2025/07/fisiolar.pdf" target="_blank">
						<span class="elementor-button-content-wrapper">
									<span class="elementor-button-text">Tabela de Preços</span>
					</span>
					</a>
				</div>
								</div>
				</div>
					</div>
				</div>
				<div class="elementor-column elementor-col-50 elementor-top-column elementor-element elementor-element-c45fecf ps-lg-5 pe-5 custom-auto-img" data-id="c45fecf" data-element_type="column" data-e-type="column">
					<div class="elementor-widget-wrap elementor-element-populated">
								<div class="elementor-element elementor-element-6aef0db elementor-invisible elementor-widget elementor-widget-image" data-id="6aef0db" data-element_type="widget" data-e-type="widget" data-settings="{&quot;_animation&quot;:&quot;fadeIn&quot;}" data-widget_type="image.default">
				<div class="elementor-widget-container">
															<img fetchpriority="high" decoding="async" width="255" height="197" src="https://appw.pt/wp-content/uploads/2025/07/Imagem-WhatsApp-2025-07-23-as-00.45.51_9a15e6e2.jpg" class="attachment-full size-full wp-image-5024" alt="" />															</div>
				</div>
					</div>
				</div>
					</div>
				</section>
		<div class="elementor-element elementor-element-eee5e64 e-flex e-con-boxed e-con e-parent" data-id="eee5e64" data-element_type="container" data-e-type="container">
					<div class="e-con-inner">
				<div class="elementor-element elementor-element-3510049 elementor-widget elementor-widget-spacer" data-id="3510049" data-element_type="widget" data-e-type="widget" data-widget_type="spacer.default">
				<div class="elementor-widget-container">
							<div class="elementor-spacer">
			<div class="elementor-spacer-inner"></div>
		</div>
						</div>
				</div>
					</div>
				</div>
		<div class="elementor-element elementor-element-53752d4 e-flex e-con-boxed e-con e-parent" data-id="53752d4" data-element_type="container" data-e-type="container">
					<div class="e-con-inner">
				<div class="elementor-element elementor-element-db6dfcc elementor-widget__width-initial elementor-position-top elementor-invisible elementor-widget elementor-widget-image-box" data-id="db6dfcc" data-element_type="widget" data-e-type="widget" data-settings="{&quot;_animation&quot;:&quot;fadeIn&quot;}" data-widget_type="image-box.default">
				<div class="elementor-widget-container">
					<div class="elementor-image-box-wrapper"><figure class="elementor-image-box-img"><a href="https://fisiolar.pt/" target="_blank" tabindex="-1"><img decoding="async" width="360" height="140" src="https://appw.pt/wp-content/uploads/2025/09/images-1.jpg" class="attachment-full size-full wp-image-6165" alt="" /></a></figure><div class="elementor-image-box-content"><p class="elementor-image-box-title"><a href="https://fisiolar.pt/" target="_blank">clique na imagem para aceder ao site</a></p></div></div>				</div>
				</div>
					</div>
				</div>
				</div>

<p>A APPW estabeleceu um protocolo de colaboração com o Centro RE.DE – Centro de Reabilitação e Desenvolvimento, situado em Sintra. Esta parceria visa reforçar a oferta de respostas terapêuticas e de reabilitação especializadas para pessoas com Síndrome de Prader-Willi. O Centro RE.DE é uma instituição dedicada ao desenvolvimento terapêutico e reabilitação de crianças, jovens e [&hellip;]</p>
