{"id":4273,"date":"2025-01-14T23:24:48","date_gmt":"2025-01-14T23:24:48","guid":{"rendered":"https:\/\/appw.pt\/?post_type=faq&#038;p=4273"},"modified":"2025-07-24T21:50:35","modified_gmt":"2025-07-24T21:50:35","slug":"4-como-a-appw-apoia-as-familias-afetadas-pela-sindrome-de-prader-willi","status":"publish","type":"faq","link":"https:\/\/appw.pt\/index.php\/faq\/4-como-a-appw-apoia-as-familias-afetadas-pela-sindrome-de-prader-willi\/","title":{"rendered":"4 &#8211; Como a APPW apoia as fam\u00edlias afetadas pela S\u00edndrome de Prader-Willi?"},"content":{"rendered":"\n<p>A APPW oferece apoio atrav\u00e9s de encontros, workshops, recursos informativos, apoio direto e eventos sociais, promovendo a inclus\u00e3o e a autonomia dos indiv\u00edduos com a s\u00edndrome.<\/p>\n","protected":false},"template":"","faq_cat":[],"class_list":["post-4273","faq","type-faq","status-publish","hentry"],"_links":{"self":[{"href":"https:\/\/appw.pt\/index.php\/wp-json\/wp\/v2\/faq\/4273","targetHints":{"allow":["GET"]}}],"collection":[{"href":"https:\/\/appw.pt\/index.php\/wp-json\/wp\/v2\/faq"}],"about":[{"href":"https:\/\/appw.pt\/index.php\/wp-json\/wp\/v2\/types\/faq"}],"wp:attachment":[{"href":"https:\/\/appw.pt\/index.php\/wp-json\/wp\/v2\/media?parent=4273"}],"wp:term":[{"taxonomy":"faq_cat","embeddable":true,"href":"https:\/\/appw.pt\/index.php\/wp-json\/wp\/v2\/faq_cat?post=4273"}],"curies":[{"name":"wp","href":"https:\/\/api.w.org\/{rel}","templated":true}]}}

4 &#8211; Como a APPW apoia as famílias afetadas pela Síndrome de Prader-Willi?

<p>A APPW oferece apoio através de encontros, workshops, recursos informativos, apoio direto e eventos sociais, promovendo a inclusão e a autonomia dos indivíduos com a síndrome.</p>
