{"id":158,"date":"2020-12-28T06:25:26","date_gmt":"2020-12-28T06:25:26","guid":{"rendered":"http:\/\/sw-themes.com\/porto_dummy\/?post_type=faq&#038;p=158"},"modified":"2025-07-24T21:50:43","modified_gmt":"2025-07-24T21:50:43","slug":"5-o-que-e-a-sindrome-de-prader-willi","status":"publish","type":"faq","link":"https:\/\/appw.pt\/index.php\/faq\/5-o-que-e-a-sindrome-de-prader-willi\/","title":{"rendered":"5 &#8211; O que \u00e9 a S\u00edndrome de Prader-Willi?"},"content":{"rendered":"<p>A S\u00edndrome de Prader-Willi \u00e9 uma condi\u00e7\u00e3o gen\u00e9tica rara causada por uma altera\u00e7\u00e3o no cromossoma 15, afetando o hipot\u00e1lamo e provocando apetite constante, d\u00e9fices cognitivos e dificuldades emocionais.<\/p>\n","protected":false},"template":"","faq_cat":[],"class_list":["post-158","faq","type-faq","status-publish","hentry"],"_links":{"self":[{"href":"https:\/\/appw.pt\/index.php\/wp-json\/wp\/v2\/faq\/158","targetHints":{"allow":["GET"]}}],"collection":[{"href":"https:\/\/appw.pt\/index.php\/wp-json\/wp\/v2\/faq"}],"about":[{"href":"https:\/\/appw.pt\/index.php\/wp-json\/wp\/v2\/types\/faq"}],"wp:attachment":[{"href":"https:\/\/appw.pt\/index.php\/wp-json\/wp\/v2\/media?parent=158"}],"wp:term":[{"taxonomy":"faq_cat","embeddable":true,"href":"https:\/\/appw.pt\/index.php\/wp-json\/wp\/v2\/faq_cat?post=158"}],"curies":[{"name":"wp","href":"https:\/\/api.w.org\/{rel}","templated":true}]}}

5 &#8211; O que é a Síndrome de Prader-Willi?

<p>A Síndrome de Prader-Willi é uma condição genética rara causada por uma alteração no cromossoma 15, afetando o hipotálamo e provocando apetite constante, défices cognitivos e dificuldades emocionais.</p>
